 + 2*x - 2. Let z be q(-2). Let h = -1 + z. Let n = -11 + 16. What is the greatest common divisor of h and n?
1
Let z(c) = 60*c**2 - 2*c - 2. Let w be z(-1). Calculate the greatest common factor of w and 90.
30
Suppose 16*i + 2124 = 5932. What is the highest common divisor of i and 28?
14
Let d = -90 + 155. Let i(f) = f - 10. Let m be i(11). Let t be -1 + (25 - (-2)/m). What is the highest common divisor of t and d?
13
Let l = -1025 - -1037. Let k = -8 - -80. Calculate the greatest common divisor of l and k.
12
Suppose 0 = -2*p - 32*p + 10710. What is the greatest common divisor of 567 and p?
63
Let h be 15/(360/16)*24. What is the highest common divisor of 32 and h?
16
Let q = -260 + 368. Suppose 0 = 4*l - 4*p - 0*p + 92, 0 = -3*l - 4*p - 76. Let f = 36 + l. Calculate the highest common divisor of q and f.
12
Let u(m) = 255*m**2 + 10*m + 8. Let t be u(8). Suppose 3*v = 7*v - t. Let x be v/21 + (-2)/(-3). Calculate the highest common divisor of 28 and x.
28
Suppose -z + 4*z - 2*k - 158 = 0, z + 2*k = 58. Let w(c) = -2*c**2 + 40*c - 10. Let l be w(19). Let a = z - l. Calculate the greatest common factor of a and 78.
26
Let a = -420 - -535. What is the highest common factor of a and 69?
23
Suppose -590 = -4*h - 466. What is the greatest common factor of h and 93?
31
Suppose 3*l + 2*u - 38 = 0, 5*l + u - 66 = -u. What is the greatest common divisor of l and 448?
14
Let m = -514 - -745. Let o = m + -21. Suppose -o = d - 3*d. What is the highest common divisor of d and 15?
15
Let q be 312 + (-3*1)/(9/6). What is the highest common factor of 2015 and q?
155
Let p(s) = -s - 2. Let m be p(-1). Let l be (-2)/(-1) + m - -7. Let j = 50 + -26. What is the highest common factor of j and l?
8
Let h = -542 + 553. Calculate the highest common divisor of 176 and h.
11
Let x = 417 - 142. Calculate the highest common divisor of x and 50.
25
Let h be 14*-1*(-2 + 1). Suppose -100 = 47*s - 42*s. Let o = -6 - s. Calculate the greatest common divisor of h and o.
14
Suppose 0 = -s + 3*x - 15 + 42, -5*x = 0. Suppose 2*k - 51 = 3*o + 42, 2*k + 4*o = 86. What is the greatest common divisor of k and s?
9
Suppose 1 = 7*m + 8. Let i be (-5 - -149) + (2 - m). Calculate the highest common factor of 21 and i.
21
Let g be -6 - -3*(-2387)/(-21). Calculate the highest common divisor of 5 and g.
5
Let z be 1*32/(2 + 0). Let d(p) = p**3 - 15*p**2 - 10*p - 6. Let g be d(z). Calculate the greatest common factor of 30 and g.
30
Suppose 3583 - 12691 = -92*k. Suppose -59 - 73 = -4*h. Calculate the greatest common factor of h and k.
33
Let y(m) = 8*m - 30. Let p be y(10). What is the highest common divisor of 350 and p?
50
Let q(g) = 2*g**2 + 22*g + 20. Let i be q(-7). Let w = -3 + -9. Let x = w - i. What is the greatest common divisor of x and 12?
12
Let q(f) = -f**2 - 56*f - 60. Let l be q(-51). Calculate the greatest common factor of 60 and l.
15
Let f be 0 + (1 - -2) + -3. Suppose f = 4*q - 16, 3*o - 4*q + 3*q = 2. Suppose o*g = -32 + 152. Calculate the highest common divisor of g and 24.
12
Suppose 506*n = 509*n - 561. What is the greatest common factor of n and 34?
17
Suppose l - 3*c + 6*c - 13 = 0, 5*l - c - 49 = 0. Suppose -270 = -3*q + h, -90 = -3*q + 2*q + h. Calculate the greatest common divisor of q and l.
10
Suppose -3*n = -3*h - 115 + 589, -3*n + 306 = 2*h. Let q = -89 + h. Suppose 20 = g - q. Calculate the highest common factor of 29 and g.
29
Let d = -30 - -90. Let j(n) = -n**3 + 18*n**2 - 42*n - 30. Let y be j(15). What is the greatest common factor of d and y?
15
Let s = 35 + -19. Suppose d = -3*d - s. Let v be d/(-10) + 490/25. Calculate the greatest common factor of 50 and v.
10
Let w(c) = -4*c - 28. Let a be w(-20). Let g = a + -18. Calculate the greatest common divisor of 34 and g.
34
Suppose 0 = -29*f + 2*f + 13122. What is the highest common divisor of 54 and f?
54
Suppose -y + 416 = 7*y. Let l = y + -19. What is the greatest common divisor of 99 and l?
33
Suppose -6*h + 1215 = -h. Let r = h - 143. Suppose 5*q = -0*q + r. Calculate the greatest common factor of 4 and q.
4
Let d be (55 - -29)*2/4. What is the highest common divisor of 133 and d?
7
Let v(q) = q - 7. Let d be v(17). Let z(o) = 2*o - 7. Let r be z(11). Calculate the greatest common factor of r and d.
5
Suppose -3*o + 107 = -256. Suppose -o + 41 = -5*z. What is the greatest common factor of 2 and z?
2
Let k be 60 + 1 + 0 + -1. Let a = -12486 - -12498. What is the highest common factor of a and k?
12
Let d(u) be the third derivative of -u**4/12 - 4*u**3/3 + u**2. Let f be d(-6). Suppose 0 = -f*p + 41 + 15. What is the highest common factor of p and 112?
14
Let w(b) = -b**2 + 15*b + 150. Let l be w(18). What is the highest common factor of 84 and l?
12
Let w be 2/4*(-12)/(-9)*-3. Let t be (-5004)/(-24) - w/(0 - -4). What is the highest common divisor of 19 and t?
19
Let g = -89 - -157. Suppose -3*a + g = a. Let p be 2/((-6)/(-15)) + (7 + 34 - 12). Calculate the highest common divisor of p and a.
17
Let z(s) = s**3 + 22*s**2 + 30*s - 68. Let o be z(-20). Calculate the greatest common divisor of o and 33.
33
Let x(d) = -4*d**3 + 5*d**2 + 18*d + 22. Let l be x(-4). Suppose s - 2*s = -26. What is the highest common divisor of s and l?
26
Let n = 1366 - 1179. Calculate the greatest common factor of n and 121.
11
Let q = 260 + -160. What is the greatest common divisor of 20 and q?
20
Suppose 594 = -410*u + 437*u. What is the highest common factor of u and 429?
11
Let r be 2/(6 + 235/(-40)). Calculate the highest common divisor of r and 48.
16
Let d = -867 - -945. Calculate the greatest common divisor of d and 42.
6
Let d = 24 - 33. Let q = d - -34. Calculate the highest common factor of 5 and q.
5
Let t(v) = -v**2 - 16*v - 12. Let o be t(-15). Suppose o*g - 19 = -q, 4*g - 42 = -0*q + 2*q. What is the highest common factor of 16 and g?
8
Let r be (12/18)/((-10)/15) + 10. Suppose -10 = -3*v - 4. Suppose -3*g + 288 = 4*a, 2*g + 57 + 87 = v*a. Calculate the greatest common divisor of a and r.
9
Let l = 64 - 61. Suppose 0 = -0*f - l*f + 24. Calculate the highest common divisor of f and 12.
4
Suppose -4*y - y = -v - 59, 3*y - 2*v = 34. Let x be 22/(-24)*-4*y. What is the highest common factor of 11 and x?
11
Suppose 4*a + 3*h - 551 = 0, -5*a + 325 = 4*h - 363. Let o = -474 - -509. What is the greatest common factor of a and o?
35
Let c = 40 + -37. Suppose 2 = -5*f - 4*j + 11, 4*j - 5 = -f. Let s = f + 8. Calculate the greatest common divisor of c and s.
3
Let n = -127 - -46. Let o = 121 + n. Calculate the greatest common factor of o and 4.
4
Let u(s) be the first derivative of -s**3/3 - 9*s**2/2 - 8. Let y be u(-8). Calculate the greatest common divisor of y and 8.
8
Let a = 0 + 2. Suppose 18 = a*h + h. Let z = -355 - -370. What is the highest common divisor of h and z?
3
Suppose 4*k = -8 + 40. Let p(j) = -26*j + 7. Let i be p(k). Let h = i + 329. Calculate the highest common factor of 16 and h.
16
Suppose 5*m + 4*p - 236 = 68, -5*m = -3*p - 297. Suppose 0 = 2*o - 3*s - m, -150 = -5*o + s + s. Calculate the greatest common divisor of o and 10.
10
Let c = 1230 - 930. Calculate the highest common divisor of 40 and c.
20
Suppose 2*d + 5*n = 65, 2*n - 5 = -3. What is the greatest common factor of 20 and d?
10
Suppose -34*s + 26752 = -2*s. What is the highest common divisor of s and 76?
76
Suppose -5*v + 116 - 66 = 0. Let b be (-14)/(-4) - 2/(-4). Let q be (-3 - 17)/(b/(-10)). Calculate the highest common divisor of q and v.
10
Suppose 8*g = -2 + 18. Suppose 8*a = 10 - g. Calculate the highest common divisor of a and 8.
1
Let g = 1193 - 794. What is the highest common divisor of 63 and g?
21
Suppose -5 = -4*y - y. Let r be 8 + 0 + -3 + y. Calculate the greatest common divisor of 10 and r.
2
Suppose 13*s - 14*s + 36 = 0. Let j be 13/(39/s) - -2. Calculate the greatest common factor of 154 and j.
14
Let c = -991 + 1045. Let g = -24 + 34. Suppose 5*m = -3*n - n + g, 2*n + 34 = 4*m. Calculate the greatest common divisor of m and c.
6
Let o(j) = 4*j**2 - 10*j. Let u be o(-14). Suppose u = 5*v + 2*v. Let t be (12/(-5))/((-2)/10). Calculate the highest common divisor of t and v.
12
Let f(o) = -597*o - 137. Let s be f(-1). What is the highest common factor of s and 138?
46
Suppose 4*v + l = -3 + 66, -2*l + 21 = v. What is t